5*t = 200 - 2055. Suppose -x = -5*x + 212. Calculate the greatest common divisor of x and t.
53
Let t = 22197 - 20274. What is the greatest common divisor of 6 and t?
3
Let x be -2*(3 - (-2 + 4)). Let k(u) = -11*u**3 - 3*u**2 - u - 2. Let z be k(x). Let d = 156 - z. Calculate the greatest common factor of d and 10.
10
Let s be (-6)/(-84)*114 - (-5520)/(-2576). Let j = -1 - -3. Let x be 3*(2*j - 1). What is the greatest common factor of x and s?
3
Let o be (-1)/4 - (-2 - 351/12). Suppose -o*a = -55*a + 2064. What is the greatest common factor of 215 and a?
43
Let p = -22838 - -26782. What is the greatest common factor of p and 884?
68
Suppose 3*c = 14 + 10. Suppose -5*h - z = -1003, 3*h - 3*z - 334 = 257. Calculate the highest common divisor of c and h.
8
Let m = -1 + 19. Suppose -55*x + 3756 + 1194 = 0. What is the highest common divisor of m and x?
18
Suppose 3*k + 0*i - 37 = -i, -k = -2*i - 17. Suppose 15*n = k*n + 12. Let b be ((-285)/(-38))/(n/(-32)*-2). Calculate the greatest common factor of b and 50.
10
Let f(q) = -6*q**3 - 3*q**2 - 2*q + 2. Let s be f(-2). Suppose 0 = -2422*a + 2268*a + 29106. What is the greatest common factor of a and s?
21
Suppose 0 = 6*p - 223 + 49. Let w = p - 21. Let u(g) = -g**3 + 21*g**2 - 19*g + 44. Let v be u(20). What is the highest common factor of v and w?
8
Suppose l + 2*l = 93. Suppose -5*n - 26 = -4*q, -5*n + 0 = -q + 14. Let v be n/(-4)*(l + -3). What is the highest common factor of 140 and v?
14
Suppose -4011 = -431*a + 3747. What is the highest common divisor of 1266 and a?
6
Let q = 0 - -27. Suppose 8*p + 75 - q = 0. Let m be (-40)/p*36/15. What is the highest common factor of 24 and m?
8
Suppose -20*v + 2158 = 2*h - 19*v, 5*h - 3*v = 5384. What is the greatest common factor of 196 and h?
98
Let y be 525 - ((-91)/(-14) - 8 - (-14)/(-4)). What is the greatest common divisor of y and 70?
10
Let p(f) = 3*f**3 - 8*f**2 + 4*f - 6. Let j be p(3). Suppose 0 = -34*l + 29*l + 175. What is the highest common factor of j and l?
5
Let n = -44 - 64. Let p be 273*(n/(-243))/(2/3). Let q(x) = 3*x - 7. Let i be q(7). Calculate the highest common divisor of i and p.
14
Let n be (-34)/(-2) - (249 + -235). What is the greatest common divisor of n and 411?
3
Suppose 262 = 2*z + 5*j, 5*z - 245 = 3*j + 441. Let c = 173 - z. Let h = 75 - c. Calculate the highest common divisor of h and 57.
19
Let u be 18/(-4)*6/(-9) - 49/(-1). What is the greatest common factor of 1014 and u?
26
Let v(t) be the second derivative of 0 + 18*t + 4/3*t**3 + 1/12*t**4 - 22*t**2. Let a be v(-13). Calculate the highest common divisor of 14 and a.
7
Suppose -5*s = 4*g - 468, -1 = -2*g - 7. Let r(x) = x**2 - 15*x + 40. Let u be r(9). Let b = s - u. What is the highest common divisor of 22 and b?
22
Let s(z) = 2*z**2 + 51*z + 29. Let h be s(-25). Let w be 4 + -1 - (h + -15 - -6). What is the highest common factor of 30 and w?
2
Suppose -t - 12*k + 16*k + 289 = 0, -3*t - 3*k = -807. Calculate the greatest common divisor of t and 3731.
91
Suppose -42*h + 40*h + 912 = 0. Suppose -12*p + 31*p = h. Calculate the greatest common divisor of 18 and p.
6
Suppose 48*k - 32396 = 52*k - 95*k. What is the highest common factor of 116 and k?
4
Let i(f) = 42*f**2 + 161*f - 1750. Let k be i(17). Calculate the highest common factor of k and 315.
105
Let y be 56064/126 + 4/84. What is the highest common factor of y and 1246?
89
Let s(n) = 1055*n + 110. Let f be s(0). Suppose 0*v + 4*g + 511 = 3*v, 0 = -4*v + g + 664. Calculate the highest common factor of f and v.
55
Let h = 9469 + -8594. What is the highest common divisor of h and 7?
7
Let z(f) = -31*f + 67*f**2 - 26*f**2 + f**3 + 16 - 34*f**2. Let m be z(-10). What is the greatest common divisor of 234 and m?
26
Suppose 8 + 7 = 15*c. Let g be (-10 + c)*30/(-45). What is the highest common divisor of 39 and g?
3
Suppose 706*c + 244*c + 380*c - 9310 = 0. Suppose -10 = -4*z - z. Suppose g + 0*g = z*o - 152, 5*g + 67 = o. Calculate the highest common factor of c and o.
7
Suppose 3*b - 10 = -4*f, 7*b + 5*f - 11 = 4*b. Suppose 0 = -24*u + 288 - 62 + 14. Calculate the greatest common divisor of u and b.
2
Suppose -581 + 105 = -7*q. Suppose f + 2*x - 26 = 5*x, 4*f - 3*x = q. Suppose -30 = -2*v - v - 3*c, 5*c = -v - 6. What is the greatest common factor of v and f?
14
Suppose 0 = -m + g + 1891, -15*m - 3*g - 9447 = -20*m. Calculate the highest common divisor of m and 255.
51
Suppose 0*l = -2*l + 24. Let u be 2/(4 - (-18)/(-5)). Suppose 12 = 6*r - u*r. Calculate the highest common divisor of r and l.
12
Suppose -14*u + 641 = -69 - 410. Calculate the highest common factor of u and 520.
40
Let s be 6 + (-372588)/(-61) + 0 + -7. What is the greatest common divisor of s and 31?
31
Let y = -549 + 748. Suppose -c + 5*a = -y, -4*c - 2*a - 3*a + 921 = 0. What is the highest common factor of 84 and c?
28
Suppose 2*s = -3*a + 650 + 564, -2*a + 820 = -4*s. Let q(u) = -u**3 - 9*u**2 - 8*u - 58. Let n be q(-9). Calculate the highest common divisor of n and a.
14
Suppose -2081*z + 7821 = -2070*z. What is the greatest common divisor of z and 144?
9
Let k be ((-32)/6)/((-649)/33 + 19) + 15. What is the greatest common divisor of k and 45?
1
Suppose -j - h + 664 = -10*h, -j + 680 = -5*h. What is the highest common factor of j and 170?
10
Suppose 2*p = 3*g - 437, 5*p + 1534 = 2*g + 414. Let c = 259 + p. Calculate the highest common factor of c and 1056.
33
Let f = -672 + 1221. Let z = -1452 + 1461. Calculate the highest common divisor of f and z.
9
Suppose 0 = -144*t - 36*t + 27*t + 1836. What is the highest common factor of 44 and t?
4
Let p(r) = -r**3 + 23*r**2 - 96*r - 291. Let a be p(-19). Calculate the highest common factor of a and 45.
45
Let q(y) = -68*y - 428. Let h be q(-10). Calculate the highest common factor of 90 and h.
18
Let i = -64 - -568. Suppose 11*y = -10*y + i. Calculate the greatest common factor of y and 24.
24
Suppose 3*q = -5*j + 285, -j + 5*j = -5*q + 241. Suppose -n = -3*f - 15, -5*n + 3*f + j = -9. What is the highest common factor of n and 252?
12
Let h(f) = -10*f + 3. Let i be h(3). Let x = -4 - i. Let v = x - 18. What is the greatest common divisor of v and 10?
5
Let d = -45630 + 46020. What is the highest common divisor of d and 1200?
30
Let w = -609 + 612. Suppose 0 = w*d + n - 27, 4*d + 75*n - 79*n = 20. Calculate the highest common divisor of d and 256.
8
Let g be ((-2717)/(-76))/((-2)/(-32)) + 1. What is the highest common factor of g and 1528?
191
Suppose -k - 2*k = 0. Let w(q) = -3*q + 0*q + 4 + 3 + 2*q. Let c be w(k). Calculate the greatest common divisor of 21 and c.
7
Let o = -415 + 419. Suppose 3*l = 5*s - 57, -40 = -3*s - o*l - 0*l. Let x = -5 - -11. Calculate the highest common factor of s and x.
6
Let q(m) = m**3 - 6*m**2 - 2*m + 13. Let z be q(6). Let x be -2*(15/(-10) - z). Suppose x*u = 201 - 6. Calculate the highest common factor of u and 13.
13
Suppose -3*t - 4*a = -t + 20, -t = -5*a - 25. Suppose 3*i + 12 = t, m = 4*m + 5*i - 232. Calculate the greatest common factor of 7 and m.
7
Let g be (-2)/6 + 11947/39. Let d = 333 - g. What is the greatest common divisor of 99 and d?
9
Let i = 9832 + -9600. Calculate the greatest common divisor of 8468 and i.
116
Let g = 3564 - 3552. What is the highest common divisor of 438 and g?
6
Let q(p) = -p**3 - 64*p**2 + 150*p + 1242. Let i be q(-66). Calculate the highest common divisor of 1014 and i.
6
Suppose 3*i - 20 = -a, 8 = -7051*a + 7053*a - 2*i. What is the greatest common divisor of 27736 and a?
8
Let b(x) = -1032*x + 8994. Let j be b(8). What is the highest common factor of j and 1386?
18
Suppose 2*c - 572 = v - 3*v, 5*v + 2*c = 1427. Let k = -55 - -70. What is the highest common factor of v and k?
15
Let c be 10*((-882)/(-60))/((-13)/(-156)). What is the greatest common factor of c and 539?
49
Suppose -7*m + 5*y = -3*m - 50, -5*m - 3*y = -81. Let d be 1/(-5) - (-2793)/m. What is the greatest common divisor of d and 62?
62
Suppose 13 + 8 = 3*g + 5*z, -5*z - 51 = -3*g. Let w(l) = l**2 + l - 93. Let o be w(g). What is the greatest common factor of 189 and o?
63
Suppose 11 = -4*k + 39. Let o(i) = i - 2. Let c be o(5). Let t(p) = 8*p + 4. Let g be t(c). Calculate the greatest common divisor of g and k.
7
Let t be (-2 + (1 - -5))/1 + 13. Let j(o) = 2*